
Calculate the remainder when 2089219 is divided by 22666.
3947
Calculate the remainder when 5251715 is divided by 765.
755
Calculate the remainder when 131708 is divided by 946.
214
Calculate the remainder when 3513056 is divided by 308.
8
What is the remainder when 72187421 is divided by 332?
329
What is the remainder when 295694699 is divided by 5065?
5064
What is the remainder when 464925 is divided by 232044?
837
What is the remainder when 82043280 is divided by 1166?
22
What is the remainder when 2758596747 is divided by 875?
872
What is the remainder when 1376078 is divided by 44389?
19
What is the remainder when 52980 is divided by 52921?
59
What is the remainder when 2565749 is divided by 748?
109
Calculate the remainder when 254823 is divided by 2317.
2270
Calculate the remainder when 26476937 is divided by 1765129.
2
Calculate the remainder when 209061 is divided by 8458.
6069
What is the remainder when 241517 is divided by 120477?
563
What is the remainder when 8911597 is divided by 40?
37
Calculate the remainder when 6043325 is divided by 52.
41
Calculate the remainder when 5732617 is divided by 16.
9
Calculate the remainder when 56046 is divided by 110.
56
Calculate the remainder when 5552948 is divided by 616934.
542
What is the remainder when 974859 is divided by 5602?
111
What is the remainder when 426359 is divided by 422496?
3863
Calculate the remainder when 62519114 is divided by 31.
19
Calculate the remainder when 528708 is divided by 5290.
4998
Calculate the remainder when 42803005 is divided by 8560596.
25
What is the remainder when 115314256 is divided by 71?
32
Calculate the remainder when 487609 is divided by 860.
849
What is the remainder when 5682468 is divided by 46?
42
Calculate the remainder when 7173415 is divided by 48797.
256
What is the remainder when 3439484 is divided by 192?
188
What is the remainder when 2034160430 is divided by 37?
34
Calculate the remainder when 2070109 is divided by 775.
84
What is the remainder when 33908 is divided by 2579?
381
What is the remainder when 13249 is divided by 730?
109
Calculate the remainder when 133488 is divided by 1213.
58
What is the remainder when 13114946 is divided by 14302?
12
What is the remainder when 8543878 is divided by 1708773?
13
What is the remainder when 113856595 is divided by 420135?
10
What is the remainder when 2598887331 is divided by 4314?
4311
What is the remainder when 866399 is divided by 152?
151
Calculate the remainder when 43387 is divided by 6866.
2191
Calculate the remainder when 2177559 is divided by 3546.
315
Calculate the remainder when 10826745 is divided by 5413361.
23
Calculate the remainder when 34449615 is divided by 4800.
15
What is the remainder when 4667902 is divided by 159?
139
What is the remainder when 368085 is divided by 26275?
235
Calculate the remainder when 9146303 is divided by 102767.
40
Calculate the remainder when 73313253 is divided by 223.
219
What is the remainder when 14477049 is divided by 10?
9
What is the remainder when 319721 is divided by 53286?
5
What is the remainder when 32220576 is divided by 37729?
10
What is the remainder when 92520121 is divided by 74?
67
What is the remainder when 18329455 is divided by 2073?
2062
What is the remainder when 163750 is divided by 81285?
1180
What is the remainder when 3615863 is divided by 156?
95
Calculate the remainder when 3475715 is divided by 1593.
1382
What is the remainder when 1075672 is divided by 415?
407
What is the remainder when 72843165 is divided by 15397?
15355
Calculate the remainder when 406645 is divided by 3524.
1385
Calculate the remainder when 23577211 is divided by 2319.
2257
What is the remainder when 1312989 is divided by 1811?
14
Calculate the remainder when 132615 is divided by 33149.
19
What is the remainder when 793942 is divided by 3308?
22
Calculate the remainder when 45756529 is divided by 20.
9
What is the remainder when 2562819 is divided by 154?
105
What is the remainder when 3912471 is divided by 424?
223
What is the remainder when 11776008 is divided by 102?
6
Calculate the remainder when 60974 is divided by 60901.
73
What is the remainder when 216244 is divided by 52?
28
Calculate the remainder when 52580839 is divided by 65.
64
Calculate the remainder when 1268602 is divided by 385.
27
What is the remainder when 592578 is divided by 254?
250
What is the remainder when 949609 is divided by 2212?
661
What is the remainder when 6069259 is divided by 145?
139
What is the remainder when 931055 is divided by 155172?
23
Calculate the remainder when 68841 is divided by 17162.
193
What is the remainder when 268684 is divided by 145?
144
Calculate the remainder when 6948579 is divided by 3474288.
3
Calculate the remainder when 126142 is divided by 2869.
2775
Calculate the remainder when 50758 is divided by 15312.
4822
Calculate the remainder when 2524449 is divided by 506.
15
What is the remainder when 12122394 is divided by 83?
78
What is the remainder when 2791524 is divided by 1477?
1471
What is the remainder when 552241 is divided by 67?
27
What is the remainder when 401269 is divided by 1233?
544
What is the remainder when 297495 is divided by 26633?
4532
Calculate the remainder when 367485929 is divided by 107.
100
What is the remainder when 12781875 is divided by 1468?
1467
Calculate the remainder when 1958254 is divided by 489558.
22
What is the remainder when 32079 is divided by 15235?
1609
Calculate the remainder when 595934 is divided by 16.
14
What is the remainder when 481039 is divided by 480978?
61
What is the remainder when 255611 is divided by 31927?
195
What is the remainder when 73793 is divided by 999?
866
Calculate the remainder when 12617 is divided by 11534.
1083
Calculate the remainder when 236769 is divided by 8.
1
What is the remainder when 105485 is divided by 9548?
457
What is the remainder when 11807694 is divided by 3531?
30
Calculate the remainder when 537513 is divided by 50.
13
What is the remainder when 12290125 is divided by 564?
1
What is the remainder when 2128659 is divided by 59?
57
What is the remainder when 51140366 is divided by 321?
251
Calculate the remainder when 65623 is divided by 1094.
1077
What is the remainder when 2985651 is divided by 23?
21
What is the remainder when 6342313 is divided by 1178?
1139
Calculate the remainder when 66210 is divided by 1380.
1350
What is the remainder when 31113738 is divided by 193253?
5
Calculate the remainder when 47853768 is divided by 2876.
4
Calculate the remainder when 62991 is divided by 7600.
2191
What is the remainder when 9626132 is divided by 805?
747
Calculate the remainder when 2233516 is divided by 1116217.
1082
What is the remainder when 1174885 is divided by 633?
37
Calculate the remainder when 122997 is divided by 489.
258
Calculate the remainder when 1837075 is divided by 65600.
275
What is the remainder when 65291194 is divided by 160?
154
Calculate the remainder when 3249814 is divided by 51.
43
What is the remainder when 1053368 is divided by 809?
50
What is the remainder when 857043 is divided by 400?
243
What is the remainder when 21807127 is divided by 97?
72
What is the remainder when 207016 is divided by 263?
35
Calculate the remainder when 106797192 is divided by 10266.
10260
What is the remainder when 36981589 is divided by 29?
6
Calculate the remainder when 60177639 is divided by 593.
592
Calculate the remainder when 29032 is divided by 9260.
1252
Calculate the remainder when 13841 is divided by 6577.
687
Calculate the remainder when 899335 is divided by 1977.
1777
What is the remainder when 95241 is divided by 59?
15
Calculate the remainder when 1025430 is divided by 5240.
3630
What is the remainder when 10161560 is divided by 564?
536
What is the remainder when 6348724 is divided by 183?
88
Calculate the remainder when 19157103 is divided by 117.
108
Calculate the remainder when 324339 is divided by 123.
111
Calculate the remainder when 533213 is divided by 6608.
4573
What is the remainder when 244868 is divided by 2817?
2606
Calculate the remainder when 74169 is divided by 34492.
5185
What is the remainder when 151581 is divided by 3100?
2781
Calculate the remainder when 226056 is divided by 603.
534
Calculate the remain